 Determine u(47).
-26
Let c(n) = 521312*n + 2085257. What is c(-4)?
9
Let c(r) = r**2 + 792*r - 243875. Calculate c(237).
-2
Let d(s) = -261*s + 68867. Calculate d(262).
485
Let q(l) = 47*l**2 + 9337*l - 3169. Calculate q(-199).
15
Let k(x) = 3*x**2 - 873*x - 11652. Give k(305).
1158
Let i(g) = -1059*g**2 + 25*g + 61. What is i(0)?
61
Let m(n) = 3879*n - 66362. Determine m(17).
-419
Let x(j) = 3470*j + 263722. Give x(-76).
2
Let y(r) = 1131*r + 12307. What is y(-11)?
-134
Let g(d) = 1623*d - 1049783. What is g(647)?
298
Let x(f) = 6*f**3 + 55*f**2 + 131*f + 274. Give x(-7).
-6
Let x(z) = -5*z**2 + 942*z + 10965. Determine x(-11).
-2
Let g(l) = 3*l**2 - 287*l + 1950. What is g(91)?
676
Let g(c) = -17*c**3 - 286*c**2 + 130*c + 7. Determine g(-18).
4147
Let c(j) = 34652*j + 519777. Determine c(-15).
-3
Let k(b) = -b**3 - 18*b**2 + 8*b - 74. Calculate k(5).
-609
Let p(j) = -41*j**2 + 9219*j + 1353. What is p(225)?
3
Let n(q) = -q**2 - 31*q + 11145. Give n(91).
43
Let n(q) = 5*q**3 - 326*q**2 + 2338*q - 52. Give n(57).
5
Let o(l) = 6366*l + 12779. Give o(-2).
47
Let c(z) = -z**3 + 103*z**2 + 214*z + 725. Determine c(105).
1145
Let n(u) = -u**3 + 5*u**2 + 109*u - 17. Calculate n(15).
-632
Let l(k) = -k**2 + 3479*k + 270159. Calculate l(-76).
-21
Let v(u) = u**3 + 31*u**2 + 78*u + 335. Give v(-25).
2135
Let o(r) = -7449*r + 112962. Give o(15).
1227
Let h(w) = 6*w**2 + 3707*w - 22245. What is h(6)?
213
Let o(j) = -1805*j + 100400. Give o(56).
-680
Let s(r) = -6*r**2 + 270*r - 2950. Calculate s(19).
14
Let f(h) = -1976*h - 13854. Give f(-7).
-22
Let k(u) = u**3 + 21*u**2 + u + 367. Determine k(-23).
-714
Let z(w) = -123364*w + 1233638. What is z(10)?
-2
Let j(r) = -2632*r - 1510854. Calculate j(-574).
-86
Let j(p) = 58*p**2 + 46697*p - 87963. Calculate j(-807).
0
Let w(z) = -95*z**2 + 554*z - 209. Calculate w(5).
186
Let r(a) = 110*a - 841. Determine r(8).
39
Let c(m) = 179452*m - 2153419. Give c(12).
5
Let s(j) = 5*j**2 - 7258*j + 213244. Give s(30).
4
Let r(g) = -3*g**2 + 293292*g + 4106672. Calculate r(-14).
-4
Let v(q) = 2*q**2 - 195*q + 65. What is v(92)?
-947
Let z(c) = -9242*c + 267985. Calculate z(29).
-33
Let z(i) = 174*i**2 + 3487*i - 137. Calculate z(-20).
-277
Let u(b) = 30810*b + 924296. Determine u(-30).
-4
Let c(s) = 12*s**2 - 11*s - 3358. Calculate c(18).
332
Let j(h) = 2*h**3 + 82*h**2 + 89*h + 3638. Calculate j(-41).
-11
Let r(u) = 2*u**3 + u**2 - 43*u - 385. Calculate r(-8).
-1001
Let u(n) = 49*n**2 - 42*n - 145. Determine u(-6).
1871
Let b(y) = 2*y**2 - 1138*y + 15522. Determine b(14).
-18
Let j(t) = -t**2 - 134*t - 959. Give j(-7).
-70
Let x(z) = -3446*z + 148179. Calculate x(43).
1
Let w(r) = 6835*r - 47837. Calculate w(7).
8
Let t(q) = 93*q**2 - 8496*q + 62023. Give t(8).
7
Let y(m) = 236864*m - 947443. Calculate y(4).
13
Let k(j) = -j**3 + 18*j**2 - 7*j + 680. Calculate k(22).
-1410
Let v(w) = -w**3 - 49*w**2 + 752*w + 35099. Calculate v(-50).
-1
Let q(y) = y**3 + 15*y**2 - 35*y - 537. Give q(-15).
-12
Let x(s) = 646*s**2 - 4506*s + 40. Determine x(7).
152
Let w(f) = -3*f**3 - 416*f**2 - 203*f + 10175. Determine w(-138).
101
Let z(r) = -7*r**2 + 429*r + 3778. What is z(69)?
52
Let o(d) = -13825*d + 1188949. What is o(86)?
-1
Let o(y) = -y**3 - 29*y**2 - 258*y - 5606. Determine o(-27).
-98
Let u(n) = -n**3 + 222*n**2 + 2978*n + 18089. What is u(235)?
-6
Let l(z) = -z**3 - 32*z**2 + 316*z + 2571. Calculate l(12).
27
Let f(h) = 8*h**2 - 554*h + 3914. Determine f(8).
-6
Let b(h) = -8640*h + 406031. Determine b(47).
-49
Let u(n) = n**3 + 7*n**2 + 126*n + 2036. What is u(-14)?
-1100
Let z(f) = -1005*f**2 - 992*f + 5. Give z(-1).
-8
Let o(p) = 2*p**3 - 64*p**2 - 621*p + 128. Calculate o(39).
-2797
Let g(j) = 207*j**3 + 7*j**2 + 517*j + 510. Determine g(-1).
-207
Let g(r) = -r**3 + 12*r**2 - 116*r + 943. What is g(10)?
-17
Let t(d) = -13954*d - 83881. Give t(-6).
-157
Let k(y) = 12529*y - 651243. Calculate k(52).
265
Let y(a) = 4130*a + 61900. Calculate y(-15).
-50
Let q(t) = -t**2 - 434*t - 30563. Calculate q(-87).
-374
Let n(x) = 251831*x + 4784770. What is n(-19)?
-19
Let h(d) = d**3 + 3*d**2 + 107*d - 742. What is h(5)?
-7
Let w(q) = 4*q**2 - 556*q + 1012. Give w(144).
3892
Let g(u) = -23*u + 11192. Determine g(510).
-538
Let n(c) = c**3 + 38*c**2 + 164*c - 3635. Give n(-18).
-107
Let u(f) = -2*f**2 + 3064*f - 980061. Give u(455).
9
Let z(u) = -2*u**3 - 203*u**2 - 57*u + 3935. Determine z(-101).
-509
Let y(z) = -15*z**3 - 425*z**2 - 2804*z + 15. Give y(-11).
-601
Let x(r) = 5226*r + 83568. Determine x(-16).
-48
Let q(f) = 118*f**2 - 40118*f - 785. Give q(340).
-105
Let f(c) = -6145*c - 1665297. Give f(-271).
-2
Let j(u) = 7729*u + 39924. What is j(-5)?
1279
Let x(y) = -2*y**3 - 132*y**2 - 693*y + 150. What is x(-6)?
-12
Let a(r) = -2*r**3 - 834*r**2 + 957*r + 50516. Determine a(-418).
-62
Let i(f) = 4*f**2 - 867*f + 14798. Determine i(17).
1215
Let c(i) = i**3 - 44*i**2 + 427*i - 64. What is c(14)?
34
Let r(p) = -p**3 - 15*p**2 + 63*p + 1040. Determine r(-11).
-137
Let g(a) = -469*a - 10789. What is g(-22)?
-471
Let y(x) = -2*x**2 + 16*x + 982. What is y(-30)?
-1298
Let z(n) = -n**3 + 12*n**2 - 1292*n + 11358. Determine z(9).
-27
Let r(n) = -177264*n - 1772644. Determine r(-10).
-4
Let b(c) = 161*c**2 + 4650*c - 486. What is b(-29)?
65
Let t(z) = 3*z**2 + 1085*z + 97926. Give t(-173).
8
Let w(h) = h**2 + 5681*h + 497693. Determine w(-89).
5
Let o(d) = -d**3 + 90*d**2 + 2354*d - 1061. Give o(111).
1492
Let f(q) = q**3 + 12*q**2 - 39*q + 776. Calculate f(-17).
-6
Let n(q) = q**2 + 113*q + 56. Determine n(-104).
-880
Let u(s) = 63569*s + 1144243. What is u(-18)?
1
Let j(p) = -785*p - 1239513. Calculate j(-1579).
2
Let r(j) = -3959*j + 312768. Give r(79).
7
Let y(j) = 158*j - 42561. Determine y(269).
-59
Let x(b) = b**3 + 39*b**2 + 365*b + 180. Calculate x(-23).
249
Let w(l) = -3*l**3 + 239*l**2 - 2873*l - 2926. What is w(16)?
2
Let r(h) = h**3 + 15*h**2 - 511*h - 1838. What is r(-30)?
-8
Let l(b) = -663*b - 21076. Determine l(-32).
140
Let f(n) = -1822*n + 11380. Give f(7).
-1374
Let m(u) = 14094*u - 282015. Determine m(20).
-135
Let v(b) = -b**3 + 4*b**2 + 104*b + 462. Determine v(-5).
167
Let b(q) = 8*q**2 + 483*q + 2708. What is b(-54)?
-46
Let r(a) = -163*a - 200. Calculate r(0).
-200
Let q(g) = 354*g - 22466. What is q(63)?
-164
Let o(w) = -21024*w**2 + 84091*w + 16. What is o(4)?
-4
Let x(r) = r**3 + 5*r**2 - 123*r + 115. Give x(1).
-2
Let g(k) = -k**3 - 21*k**2 + 24*k + 1424. What is g(-16)?
-240
Let n(t) = -16*t**3 + 31*t**2 - 17022*t + 34046. What is n(2)?
-2
Let i(g) = 23*g**3 + 10*g**2 + 300*g + 290. What is i(-1)?
-23
Let u(v) = 186*v**2 - 481*v. Give u(3).
231
Let d(t) = t**3 + 56*t**2 + 680*t + 2666. Determine d(-41).
1
Let u(l) = 39*l**2 - 4691*l + 1314. Determine u(120).
-6
Let m(h) = 1402*h + 19815. What is m(-14)?
187
Let b(n) = 447*n - 8631. What is b(19)?
-138
Let m(k) = -k**3 - 611*k**2 + 1816*k - 15956. What is m(-614)?
8
Let n(q) = -112*q**2 - 1280*q - 536. Give n(-11).
-8
Let v(j) = 2*j**3 + 84*j**2 - 76*j - 4415. What is v(-42)?
-1223
Let t(d) = -20015*d - 260176. Give t(-13).
19
Let h(o) = 14*o**2 + 363*o - 1186. What is h(-29)?
61
Let m(c) = 1980*c + 8239. What is m(-4)?
319
Let o(m) = -185*m - 3922. Calculate o(-21).
-37
Let n(t) = t**2 + 688*t - 96789. Determine n(120).
171
Let b(n) = 105665*n + 211347. Give b(-2).
17
Let g(p) = p**2 - 6*p - 727. Determine g(30).
-7
Let n(h) = h**2 - 303*h - 15901. Calculate n(-53).
2967
Let n(d) = -d**3 + 45*d**2 + 268*d - 3022. Determine n(6).
-10
Let z(q) = 48*q**2 - 41161*q + 62499. What is z(856)?
11
Let n(l) = -186*l - 4250. Give n(-11).
-2204
Let i(f) = -2271*f + 524600. What is i(231)?
-1
Let f(z) = -29*z**2 - 1085*z + 44159. Calculate f(-62).
-47
Let l(o) = -2*o**3 - 49*o**2 - 27*o - 2084. What is l(-25)?
-784
Let g(t) = 9*t**3 + 2*t**2 - 111*t + 354. Calculate g(3).
282
Let d(c) = -1774*c - 136613. What is d(-77)?
-15
Let a(c) = 349*c + 2759. Give a(-9).
-382
Let i(t) = 13*t**3 - 1287*t**2 - 14*t + 1359. Calculate i(99).
-27
Let q(u) = 51772*u - 156219. Determine q(3).
-903
Let r(w) = 11*w**2 + 77*w - 430. What is r(16)?
3618
Let c(h) = -h**2 + 326*h + 3433. Give c(-11).
-274
Let j(i) = -77*i + 8568. Give j(110).
98
Let w(f) = -253*f + 563. Determine w(-1).
8